What is the ten thousands digit of 3044402514?
0
What is the ten millions digit of 332455713?
3
What is the hundreds digit of 30699964?
9
What is the units digit of 6262696831?
1
What is the hundred thousands digit of 1325896475?
8
What is the units digit of 4442822058?
8
What is the hundreds digit of 318187020?
0
What is the ten millions digit of 46505063?
4
What is the ten millions digit of 213131820?
1
What is the hundred thousands digit of 541026376?
0
What is the millions digit of 4678721682?
8
What is the hundred thousands digit of 1555257188?
2
What is the hundreds digit of 2233139970?
9
What is the units digit of 175310615?
5
What is the thousands digit of 967553189?
3
What is the hundreds digit of 89141808?
8
What is the hundreds digit of 37504804?
8
What is the millions digit of 61092521?
1
What is the hundreds digit of 84356897?
8
What is the hundreds digit of 25077161?
1
What is the thousands digit of 10718246?
8
What is the tens digit of 31853230?
3
What is the hundred thousands digit of 152487910?
4
What is the hundred thousands digit of 1391139713?
1
What is the millions digit of 10100959?
0
What is the thousands digit of 64408812?
8
What is the thousands digit of 90496118?
6
What is the tens digit of 465848291?
9
What is the units digit of 2288164780?
0
What is the units digit of 104235197?
7
What is the thousands digit of 145858808?
8
What is the hundred millions digit of 110967132?
1
What is the ten millions digit of 2221273064?
2
What is the hundred millions digit of 4053124861?
0
What is the units digit of 260157250?
0
What is the hundred thousands digit of 1022490184?
4
What is the hundred thousands digit of 112368689?
3
What is the ten thousands digit of 14625075?
2
What is the ten millions digit of 281855846?
8
What is the ten millions digit of 3636345237?
3
What is the units digit of 37192045?
5
What is the millions digit of 1855061854?
5
What is the tens digit of 27500238?
3
What is the thousands digit of 4015911?
5
What is the ten millions digit of 1944879262?
4
What is the thousands digit of 297645345?
5
What is the ten thousands digit of 2975416766?
1
What is the ten thousands digit of 18250954?
5
What is the thousands digit of 70100946?
0
What is the ten thousands digit of 60842404?
4
What is the thousands digit of 123267505?
7
What is the millions digit of 2745434725?
5
What is the millions digit of 40460958?
0
What is the thousands digit of 1853567185?
7
What is the units digit of 278734956?
6
What is the ten millions digit of 34558567?
3
What is the tens digit of 962940148?
4
What is the hundred thousands digit of 3391314332?
3
What is the hundred thousands digit of 29461384?
4
What is the hundred thousands digit of 1394030646?
0
What is the hundreds digit of 92731446?
4
What is the tens digit of 33546732?
3
What is the hundreds digit of 552798087?
0
What is the hundred thousands digit of 614217070?
2
What is the millions digit of 3014113806?
4
What is the ten thousands digit of 67275744?
7
What is the thousands digit of 1528958972?
8
What is the hundreds digit of 724784554?
5
What is the hundreds digit of 41260410?
4
What is the tens digit of 287635842?
4
What is the tens digit of 20474167?
6
What is the thousands digit of 13253056?
3
What is the tens digit of 3544584857?
5
What is the units digit of 1694816377?
7
What is the tens digit of 96404529?
2
What is the tens digit of 56230079?
7
What is the millions digit of 653064638?
3
What is the tens digit of 6253843991?
9
What is the hundreds digit of 19415356?
3
What is the thousands digit of 70381070?
1
What is the ten millions digit of 273101701?
7
What is the ten millions digit of 166953764?
6
What is the thousands digit of 66375431?
5
What is the ten thousands digit of 24871296?
7
What is the tens digit of 221754313?
1
What is the hundred thousands digit of 777500762?
5
What is the thousands digit of 130424328?
4
What is the thousands digit of 785580205?
0
What is the tens digit of 4155495?
9
What is the hundreds digit of 60122099?
0
What is the millions digit of 111471008?
1
What is the ten thousands digit of 6067184694?
8
What is the ten millions digit of 2156085894?
5
What is the billions digit of 3462980894?
3
What is the ten millions digit of 271677211?
7
What is the billions digit of 1282802345?
1
What is the hundreds digit of 114482223?
2
What is the hundreds digit of 203863240?
2
What is the tens digit of 481225925?
2
What is the ten millions digit of 51348001?
5
What is the hundred millions digit of 929722469?
9
What is the ten millions digit of 472867605?
7
What is the thousands digit of 206896903?
6
What is the hundreds digit of 50903204?
2
What is the thousands digit of 66134414?
4
What is the millions digit of 209723385?
9
What is the tens digit of 127225793?
9
What is the tens digit of 172056984?
8
What is the thousands digit of 153361832?
1
What is the hundreds digit of 83525829?
8
What is the units digit of 683639334?
4
What is the ten millions digit of 1112064906?
1
What is the hundred thousands digit of 1836107544?
1
What is the hundred thousands digit of 217699825?
6
What is the thousands digit of 2243759629?
9
What is the hundred thousands digit of 702519656?
5
What is the ten thousands digit of 22801749?
0
What is the ten millions digit of 1368989290?
6
What is the millions digit of 45600703?
5
What is the thousands digit of 42953228?
3
What is the hundreds digit of 600137806?
8
What is the ten millions digit of 42312992?
4
What is the hundred thousands digit of 43922963?
9
What is the units digit of 442986881?
1
What is the thousands digit of 12615542?
5
What is the millions digit of 4531275799?
1
What is the billions digit of 1055126684?
1
What is the hundred thousands digit of 139765813?
7
What is the ten thousands digit of 282772449?
7
What is the millions digit of 177327889?
7
What is the hundreds digit of 193939917?
9
What is the hundred thousands digit of 182568070?
5
What is the billions digit of 1597386997?
1
What is the hundreds digit of 365911751?
7
What is the millions digit of 418069885?
8
What is the ten millions digit of 369812580?
6
What is the hundreds digit of 126618640?
6
What is the ten thousands digit of 48554290?
5
What is the ten thousands digit of 10434403?
3
What is the ten millions digit of 91110189?
9
What is the tens digit of 362890208?
0
What is the thousands digit of 589017664?
7
What is the ten millions digit of 202165796?
0
What is the units digit of 40176902?
2
What is the hundred thousands digit of 2473477512?
4
What is the hundreds digit of 38995243?
2
What is the hundred thousands digit of 2146222985?
2
What is the units digit of 229401293?
3
What is the hundred millions digit of 623793631?
6
What is the ten millions digit of 19042966?
1
What is the millions digit of 1090426660?
0
What is the hundred millions digit of 168509561?
1
What is the tens digit of 3314738299?
9
What is the ten millions digit of 70725351?
7
What is the tens digit of 48371911?
1
What is the tens digit of 1008355406?
0
What is the units digit of 217657991?
1
What is the ten thousands digit of 8147259?
4
What is the ten millions digit of 115144000?
1
What is the hundred millions digit of 2676046790?
6
What is the millions digit of 304905031?
4
What is the tens digit of 142574259?
5
What is the ten thousands digit of 51316875?
1
What is the millions digit of 221224138?
1
What is the ten thousands digit of 42889161?
8
What is the ten millions digit of 2023419596?
2
What is the ten millions digit of 22665132?
2
What is the ten millions digit of 4456219280?
5
What is the tens digit of 180505250?
5
What is the thousands digit of 430044966?
4
What is the ten thousands digit of 13288946?
8
What is the ten thousands digit of 172228390?
2
What is the hundred thousands digit of 466261801?
2
What is the ten thousands digit of 241727003?
2
What is the hundred thousands digit of 386746038?
7
What is the ten thousands digit of 19799655?
9
What is the hundred millions digit of 365131769?
3
What is the thousands digit of 68124150?
4
What is the thousands digit of 149008202?
8
What is the thousands digit of 613676910?
6
What is the ten thousands digit of 743541764?
4
What is the hundreds digit of 78599453?
4
What is the hundreds digit of 9923